ase 15) to base 6
0
a (base 13) to base 14
a
-6 (base 9) to base 12
-6
What is -133 (base 8) in base 5?
-331
What is 0 (base 5) in base 11?
0
Convert -7 (base 16) to base 13.
-7
126 (base 12) to base 13
105
Convert 10101 (base 2) to base 8.
25
Convert 3 (base 16) to base 7.
3
Convert -9 (base 10) to base 9.
-10
What is 8 (base 14) in base 16?
8
-46 (base 7) to base 2
-100010
Convert -7 (base 10) to base 6.
-11
What is 0 (base 7) in base 9?
0
What is -21 (base 3) in base 10?
-7
85 (base 9) to base 13
5c
What is 13 (base 9) in base 11?
11
What is -2 (base 11) in base 14?
-2
24 (base 9) to base 14
18
Convert 5 (base 12) to base 11.
5
What is 7 (base 13) in base 15?
7
Convert 2 (base 6) to base 12.
2
Convert -141 (base 15) to base 6.
-1154
29 (base 12) to base 13
27
Convert -29 (base 10) to base 4.
-131
-9e (base 16) to base 11
-134
What is -10 (base 7) in base 13?
-7
Convert -162 (base 9) to base 8.
-211
-1 (base 13) to base 16
-1
Convert -1041 (base 6) to base 13.
-157
Convert 22202 (base 3) to base 14.
12c
3 (base 11) to base 14
3
5 (base 12) to base 6
5
-4 (base 12) to base 2
-100
Convert -1010010 (base 2) to base 9.
-101
-2120 (base 3) to base 2
-1000101
What is -15 (base 10) in base 7?
-21
What is -7 (base 11) in base 12?
-7
11 (base 6) to base 4
13
0 (base 16) to base 2
0
Convert 2 (base 15) to base 10.
2
What is 1100100 (base 2) in base 8?
144
-61 (base 8) to base 7
-100
Convert 2 (base 11) to base 7.
2
7 (base 11) to base 10
7
-2 (base 7) to base 8
-2
a4 (base 13) to base 16
86
Convert -325 (base 8) to base 4.
-3111
What is -353 (base 7) in base 10?
-185
What is -10 (base 4) in base 10?
-4
Convert 14 (base 15) to base 3.
201
Convert -115 (base 7) to base 5.
-221
Convert 22 (base 4) to base 5.
20
Convert -1 (base 3) to base 9.
-1
What is 44 (base 6) in base 10?
28
-11010101 (base 2) to base 5
-1323
Convert -202 (base 3) to base 6.
-32
2 (base 3) to base 14
2
What is 3 (base 6) in base 15?
3
Convert 10 (base 3) to base 10.
3
Convert 22 (base 11) to base 5.
44
What is 120 (base 5) in base 6?
55
What is 35 (base 14) in base 6?
115
-d (base 14) to base 8
-15
Convert -100010011 (base 2) to base 9.
-335
67 (base 8) to base 16
37
What is -1 (base 15) in base 16?
-1
What is -1a (base 16) in base 15?
-1b
Convert cb (base 16) to base 4.
3023
What is -1 (base 15) in base 11?
-1
1 (base 14) to base 6
1
5 (base 6) to base 2
101
-1d (base 15) to base 7
-40
-2 (base 9) to base 13
-2
Convert 110 (base 2) to base 5.
11
What is 5 (base 13) in base 7?
5
-5 (base 15) to base 3
-12
-2b (base 13) to base 9
-41
Convert -110 (base 6) to base 11.
-39
What is 11 (base 3) in base 10?
4
30 (base 6) to base 3
200
What is 68 (base 9) in base 16?
3e
Convert 1 (base 12) to base 9.
1
Convert 37 (base 12) to base 15.
2d
-137 (base 10) to base 12
-b5
What is -1 (base 5) in base 11?
-1
Convert -4 (base 8) to base 12.
-4
Convert 12 (base 7) to base 2.
1001
1 (base 2) to base 8
1
1 (base 16) to base 12
1
-23 (base 15) to base 4
-201
-3b (base 13) to base 5
-200
25 (base 12) to base 15
1e
What is -21 (base 10) in base 12?
-19
26 (base 10) to base 9
28
Convert 11 (base 2) to base 13.
3
What is 11000 (base 2) in base 6?
40
What is -11 (base 2) in base 8?
-3
What is -133 (base 5) in base 9?
-47
What is -1 (base 13) in base 12?
-1
What is 2 (base 3) in base 5?
2
What is -4 (base 16) in base 12?
-4
-122 (base 3) to base 8
-21
-7 (base 10) to base 8
-7
28 (base 12) to base 16
20
What is 1310 (base 4) in base 10?
116
What is -1100 (base 2) in base 5?
-22
-3 (base 5) to base 14
-3
What is -11 (base 6) in base 4?
-13
Convert 21 (base 12) to base 14.
1b
Convert 5 (base 10) to base 7.
5
-426 (base 9) to base 2
-101011100
What is -13 (base 5) in base 2?
-1000
Convert 6 (base 9) to base 11.
6
Convert 1010 (base 2) to base 16.
a
What is -13 (base 14) in base 16?
-11
What is -3 (base 13) in base 4?
-3
What is 7 (base 9) in base 14?
7
What is -23 (base 5) in base 8?
-15
Convert -1106 (base 7) to base 16.
-18e
1 (base 3) to base 7
1
-28 (base 16) to base 8
-50
Convert -1 (base 8) to base 9.
-1
-13 (base 14) to base 16
-11
3 (base 9) to base 16
3
-3 (base 16) to base 5
-3
Convert 26 (base 12) to base 5.
110
-8 (base 14) to base 15
-8
What is -7 (base 11) in base 9?
-7
Convert 200 (base 5) to base 2.
110010
What is 258 (base 9) in base 4?
3113
611 (base 7) to base 16
12e
What is -332 (base 6) in base 9?
-152
Convert -4 (base 13) to base 9.
-4
What is 101110 (base 2) in base 8?
56
Convert 0 (base 6) to base 3.
0
12 (base 15) to base 12
15
Convert -62 (base 12) to base 11.
-68
Convert -1 (base 14) to base 15.
-1
49 (base 14) to base 8
101
What is 1001 (base 2) in base 13?
9
What is 7 (base 15) in base 14?
7
Convert 11 (base 11) to base 10.
12
Convert 86 (base 12) to base 8.
146
2 (base 10) to base 6
2
Convert 3 (base 13) to base 12.
3
11 (base 6) to base 15
7
Convert -200 (base 6) to base 14.
-52
What is -20 (base 6) in base 11?
-11
What is -a (base 15) in base 7?
-13
What is c (base 13) in base 2?
1100
What is -7 (base 10) in base 6?
-11
Convert 25 (base 7) to base 2.
10011
Convert 0 (base 12) to base 2.
0
1055 (base 7) to base 14
1d5
Convert e (base 16) to base 12.
12
9 (base 11) to base 14
9
Convert 53 (base 6) to base 7.
45
230 (base 7) to base 9
142
Convert 3 (base 14) to base 13.
3
-1 (base 4) to base 7
-1
What is 1 (base 7) in base 10?
1
Convert -4 (base 10) to base 8.
-4
8 (base 15) to base 3
22
Convert -11121 (base 3) to base 16.
-7c
What is 1 (base 10) in base 3?
1
What is 1 (base 4) in base 14?
1
What is -3 (base 16) in base 6?
-3
What is 5 (base 15) in base 6?
5
25 (base 8) to base 14
17
What is -16 (base 7) in base 11?
-12
What is -22 (base 10) in base 2?
-10110
What is -12 (base 8) in base 13?
-a
3 (base 10) to base 14
3
What is a (base 15) in base 7?
13
Convert -31 (base 12) to base 16.
-25
Convert -26 (base 16) to base 7.
-53
Convert -332 (base 5) to base 15.
-62
What is 0 (base 16) in base 4?
0
Convert -8 (base 15) to base 10.
-8
0 (base 7) to base 14
0
Convert 12 (base 4) to base 3.
20
3 (base 15) to base 10
3
Convert -a (base 12) to base 6.
-14
-3 (base 15) to base 16
-3
Convert -1 (base 4) to base 6.
-1
What is 132 (base 8) in base 4?
1122
What is 40 (base 6) in base 9?
26
4 (base 9) to base 2
100
Convert 0 (base 8) to base 4.
0
5 (base 10) to base 12
5
What is 2 (base 15) in base 3?
2
Convert -7b (base 16) to base 11.
-102
Convert -10010 (base 2) to base 7.
-24
4 (base 16) to base 7
4
Convert -1d (base 15) to base 4.
-130
What is 8 (base 16) in base 3?
22
What is -14 (base 7) in base 11?
-10
Convert -8d (base 14) to base 7.
-236
Convert 0 (base 5) to base 10.
0
Convert -13 (base 15) to base 3.
-200
Convert 12 (base 9) to base 8.
13
What is 2c (base 14) in base 7?
55
3 (base 13) to base 9
3
Convert -1 (base 2) to base 5.
-1
Convert -52 (base 6) to base 3.
-1012
Convert 0 (base 16) to base 4.
0
What is -8 (base 13) in base 5?
-13
What is -1 (base 7) in base 6?
-1
What is -1 (base 3) in base 8?
-1
Convert 14 (base 5) to base 6.
13
1 (base 4) to base 12
1
-4 (base 9) to base 12
-4
Convert 28 (base 14) to base 2.
100100
14 (base 11) to base 13
12
Convert 1 (base 4) to base 10.
1
What is -25 (base 8) in base 9?
-23
23 (base 8) to base 15
14
-51 (base 6) to base 8
-37
What is 3b (base 12) in base 8?
57
What is -33 (base 16) in base 12?
-43
Convert 10002 (base 3) to base 7.
146
What is 13 (base 7) in base 9?
11
Convert 1 (base 11) to base 4.
1
-76 (base 8) to base 5
-222
2 (base 15) to base 3
2
Convert -3 (base 15) to base 13.
-3
Convert -1021 (base 7) to base 14.
-1b8
-50 (base 6) to base 7
-42
Convert 1 (base 15) to base 11.
1
What is 15 (base 12) in base 3?
122
What is 10100011 (base 2) in base 8?
243
17 (base 8) to base 7
21
Convert -3 (base 12) to base 10.
-3
Convert -6 (base 15) to base 16.
-6
Convert -2 (base 15) to base 5.
-2
Convert 5 (base 6) to base 15.
5
9 (base 12) to base 14
9
-300 (base 4) to base 5
-143
What is 8 (base 15) in base 12?
8
29 (base 13) to base 7
50
Convert -4 (base 10) to base 9.
-4
Convert 3 (base 4) to base 7.
3
Convert -4 (base 14) to base 15.
-4
What is -2 (base 9) in base 16?
-2
-10 (base 3) to base 6
-3
Convert 3 (base 4) to base 13.
3
Convert 21 (base 5) to base 2.
1011
Convert 3 (base 8) to base 16.
3
What is -10 (base 5) in base 2?
-101
Conve